{"id":214,"date":"2024-12-11T13:09:02","date_gmt":"2024-12-11T12:09:02","guid":{"rendered":"https:\/\/neu.recc-ooe.at\/?page_id=214"},"modified":"2024-12-11T13:09:02","modified_gmt":"2024-12-11T12:09:02","slug":"abschlussveranstaltung","status":"publish","type":"page","link":"https:\/\/neu.recc-ooe.at\/?page_id=214","title":{"rendered":"Abschlussveranstaltung"},"content":{"rendered":"\n<p>&#8220;Es ist ein Ende, soll aber gleichzeitig auch wieder Startschuss sein &#8211; wir werden jetzt nicht aufh\u00f6ren, die Digitalisierung in den Schulen voranzutreiben&#8221;, so der Tenor bei der gro\u00dfen Abschlussveranstaltung des &#8220;Jahres der digitalen Bildung&#8221;.<\/p>\n\n\n\n<h2 class=\"wp-block-heading\">Erfolgreiches &#8220;Jahr der digitalen Bildung&#8221;<\/h2>\n\n\n\n<p>Am 29. Juni ging das \u201eJahr der digitalen Bildung\u201c, das f\u00fcr das Schuljahr 2017\/18 durch den Landesschulrat O\u00d6 in Zusammenarbeit mit dem Regional Educational Competence Center (RECC) f\u00fcr Informatik und Digitale Medien sowie mit dem Land O\u00d6 ausgerufen wurde, an der P\u00e4dagogischen Hochschule Ober\u00f6sterreich feierlich zu Ende. Zahlreiche Aktivit\u00e4ten und Aktionen der beteiligten Partner forcierten in diesem Schuljahr in vielf\u00e4ltiger Weise die digitale Bildung in allen ober\u00f6sterreichischen Schulen.<br><br>Nicht nur zahlreiche Schulen haben ihre Projekte vorgestellt sondern es pr\u00e4sentierten sich auch Firmen und Institutionen wie Fabasoft Robotic Camps, OTELO und die Johannes Kepler Universit\u00e4t Linz&nbsp; &#8211;&nbsp; Highlights waren beispielsweise der humanoiden Roboter NAO oder die \u201eTablet Lieder\u201c vom iPad Orchester.<\/p>\n\n\n\n<p>Zudem wurde das&nbsp;<strong>Education Innovation Studio (EIS) an der PH O\u00d6 er\u00f6ffnet<\/strong>&nbsp;und Workshops angeboten. Ziel des EIS ist es, die Nutzung von digitalen Medien didaktisch begr\u00fcndet einzuf\u00fchren und das informatische Denken zu st\u00e4rken.<\/p>\n\n\n\n<figure class=\"wp-block-embed is-type-video is-provider-youtube wp-block-embed-youtube wp-embed-aspect-16-9 wp-has-aspect-ratio\"><div class=\"wp-block-embed__wrapper\">\n<iframe loading=\"lazy\" title=\"Das &quot;Digitale&quot; ist nicht vorbei - jetzt geht es erst richtig los!\" width=\"640\" height=\"360\" src=\"https:\/\/www.youtube.com\/embed\/-nFohzH5-DE?feature=oembed\" frameborder=\"0\" allow=\"accelerometer; autoplay; clipboard-write; encrypted-media; gyroscope; picture-in-picture; web-share\" referrerpolicy=\"strict-origin-when-cross-origin\" allowfullscreen><\/iframe>\n<\/div><\/figure>\n\n\n\n<p>Zu der gro\u00dfen Abschlussveranstaltung war auch Gerfried Stocker f\u00fcr eine Gastrede geladen. In seiner Rolle als k\u00fcnstlerischer Leiter des Ars Electronica Centers (<a href=\"http:\/\/www.aec.at\/\" target=\"_blank\" rel=\"noreferrer noopener\">AEC<\/a>) in Linz erz\u00e4hlte er aus seiner Sichtweise \u00fcber m\u00f6gliche Gefahren, Chancen und Einsatzm\u00f6glichkeiten der Digitalisierung im Unterricht. &#8220;Die Technologie ist nur ein Tool, es kommt auf uns an, wie wir dieses einsetzen&#8221;, betont Stocker die Bedeutung des Menschen.<\/p>\n\n\n\n<figure class=\"wp-block-embed is-type-video is-provider-youtube wp-block-embed-youtube wp-embed-aspect-16-9 wp-has-aspect-ratio\"><div class=\"wp-block-embed__wrapper\">\n<iframe loading=\"lazy\" title=\"Bildung f\u00fcr eine arbeitslose\/arbeitsfreie Zukunft\" width=\"640\" height=\"360\" src=\"https:\/\/www.youtube.com\/embed\/WsC1vRhQu74?feature=oembed\" frameborder=\"0\" allow=\"accelerometer; autoplay; clipboard-write; encrypted-media; gyroscope; picture-in-picture; web-share\" referrerpolicy=\"strict-origin-when-cross-origin\" allowfullscreen><\/iframe>\n<\/div><\/figure>\n","protected":false},"excerpt":{"rendered":"<p>&#8220;Es ist ein Ende, soll aber gleichzeitig auch wieder Startschuss sein &#8211; wir werden jetzt nicht aufh\u00f6ren, die Digitalisierung in den Schulen voranzutreiben&#8221;, so der Tenor bei der gro\u00dfen Abschlussveranstaltung des &#8220;Jahres der digitalen Bildung&#8221;. Erfolgreiches &#8220;Jahr der digitalen Bildung&#8221; Am 29. Juni ging das \u201eJahr der digitalen Bildung\u201c, das f\u00fcr das Schuljahr 2017\/18 durch &hellip; <\/p>\n<p class=\"link-more\"><a href=\"https:\/\/neu.recc-ooe.at\/?page_id=214\" class=\"more-link\">Continue reading<span class=\"screen-reader-text\"> &#8220;Abschlussveranstaltung&#8221;<\/span><\/a><\/p>\n","protected":false},"author":5,"featured_media":0,"parent":0,"menu_order":0,"comment_status":"closed","ping_status":"closed","template":"","meta":{"footnotes":""},"class_list":["post-214","page","type-page","status-publish","hentry","entry"],"_links":{"self":[{"href":"https:\/\/neu.recc-ooe.at\/index.php?rest_route=\/wp\/v2\/pages\/214","targetHints":{"allow":["GET"]}}],"collection":[{"href":"https:\/\/neu.recc-ooe.at\/index.php?rest_route=\/wp\/v2\/pages"}],"about":[{"href":"https:\/\/neu.recc-ooe.at\/index.php?rest_route=\/wp\/v2\/types\/page"}],"author":[{"embeddable":true,"href":"https:\/\/neu.recc-ooe.at\/index.php?rest_route=\/wp\/v2\/users\/5"}],"replies":[{"embeddable":true,"href":"https:\/\/neu.recc-ooe.at\/index.php?rest_route=%2Fwp%2Fv2%2Fcomments&post=214"}],"version-history":[{"count":1,"href":"https:\/\/neu.recc-ooe.at\/index.php?rest_route=\/wp\/v2\/pages\/214\/revisions"}],"predecessor-version":[{"id":216,"href":"https:\/\/neu.recc-ooe.at\/index.php?rest_route=\/wp\/v2\/pages\/214\/revisions\/216"}],"wp:attachment":[{"href":"https:\/\/neu.recc-ooe.at\/index.php?rest_route=%2Fwp%2Fv2%2Fmedia&parent=214"}],"curies":[{"name":"wp","href":"https:\/\/api.w.org\/{rel}","templated":true}]}}

<p>&#8220;Es ist ein Ende, soll aber gleichzeitig auch wieder Startschuss sein &#8211; wir werden jetzt nicht aufhören, die Digitalisierung in den Schulen voranzutreiben&#8221;, so der Tenor bei der großen Abschlussveranstaltung des &#8220;Jahres der digitalen Bildung&#8221;.</p>



<h2 class="wp-block-heading">Erfolgreiches &#8220;Jahr der digitalen Bildung&#8221;</h2>



<p>Am 29. Juni ging das „Jahr der digitalen Bildung“, das für das Schuljahr 2017/18 durch den Landesschulrat OÖ in Zusammenarbeit mit dem Regional Educational Competence Center (RECC) für Informatik und Digitale Medien sowie mit dem Land OÖ ausgerufen wurde, an der Pädagogischen Hochschule Oberösterreich feierlich zu Ende. Zahlreiche Aktivitäten und Aktionen der beteiligten Partner forcierten in diesem Schuljahr in vielfältiger Weise die digitale Bildung in allen oberösterreichischen Schulen.<br><br>Nicht nur zahlreiche Schulen haben ihre Projekte vorgestellt sondern es präsentierten sich auch Firmen und Institutionen wie Fabasoft Robotic Camps, OTELO und die Johannes Kepler Universität Linz&nbsp; &#8211;&nbsp; Highlights waren beispielsweise der humanoiden Roboter NAO oder die „Tablet Lieder“ vom iPad Orchester.</p>



<p>Zudem wurde das&nbsp;<strong>Education Innovation Studio (EIS) an der PH OÖ eröffnet</strong>&nbsp;und Workshops angeboten. Ziel des EIS ist es, die Nutzung von digitalen Medien didaktisch begründet einzuführen und das informatische Denken zu stärken.</p>



<figure class="wp-block-embed is-type-video is-provider-youtube wp-block-embed-youtube wp-embed-aspect-16-9 wp-has-aspect-ratio"><div class="wp-block-embed__wrapper">
<iframe loading="lazy" title="Das &quot;Digitale&quot; ist nicht vorbei - jetzt geht es erst richtig los!" width="640" height="360" src="https://www.youtube.com/embed/-nFohzH5-DE?feature=oembed" frameborder="0" allow="accelerometer; autoplay; clipboard-write; encrypted-media; gyroscope; picture-in-picture; web-share" referrerpolicy="strict-origin-when-cross-origin" allowfullscreen></iframe>
</div></figure>



<p>Zu der großen Abschlussveranstaltung war auch Gerfried Stocker für eine Gastrede geladen. In seiner Rolle als künstlerischer Leiter des Ars Electronica Centers (<a href="http://www.aec.at/" target="_blank" rel="noreferrer noopener">AEC</a>) in Linz erzählte er aus seiner Sichtweise über mögliche Gefahren, Chancen und Einsatzmöglichkeiten der Digitalisierung im Unterricht. &#8220;Die Technologie ist nur ein Tool, es kommt auf uns an, wie wir dieses einsetzen&#8221;, betont Stocker die Bedeutung des Menschen.</p>



<figure class="wp-block-embed is-type-video is-provider-youtube wp-block-embed-youtube wp-embed-aspect-16-9 wp-has-aspect-ratio"><div class="wp-block-embed__wrapper">
<iframe loading="lazy" title="Bildung für eine arbeitslose/arbeitsfreie Zukunft" width="640" height="360" src="https://www.youtube.com/embed/WsC1vRhQu74?feature=oembed" frameborder="0" allow="accelerometer; autoplay; clipboard-write; encrypted-media; gyroscope; picture-in-picture; web-share" referrerpolicy="strict-origin-when-cross-origin" allowfullscreen></iframe>
</div></figure>

<p>&#8220;Es ist ein Ende, soll aber gleichzeitig auch wieder Startschuss sein &#8211; wir werden jetzt nicht aufhören, die Digitalisierung in den Schulen voranzutreiben&#8221;, so der Tenor bei der großen Abschlussveranstaltung des &#8220;Jahres der digitalen Bildung&#8221;. Erfolgreiches &#8220;Jahr der digitalen Bildung&#8221; Am 29. Juni ging das „Jahr der digitalen Bildung“, das für das Schuljahr 2017/18 durch &hellip; </p>
<p class="link-more"><a href="https://neu.recc-ooe.at/?page_id=214" class="more-link">Continue reading<span class="screen-reader-text"> &#8220;Abschlussveranstaltung&#8221;</span></a></p>
