{"id":159,"date":"2024-12-11T11:27:42","date_gmt":"2024-12-11T10:27:42","guid":{"rendered":"https:\/\/neu.recc-ooe.at\/?page_id=159"},"modified":"2024-12-11T13:18:52","modified_gmt":"2024-12-11T12:18:52","slug":"jahr-der-digitalen-bildung-2017-2018","status":"publish","type":"page","link":"https:\/\/neu.recc-ooe.at\/?page_id=159","title":{"rendered":"Jahr der digitalen Bildung 2017\/2018"},"content":{"rendered":"\n<p>F\u00fcr das Schuljahr 2017\/18 hatte der LSR O\u00d6 &#8211; jetzt Bildungsdirektion O\u00d6 &#8211;  in Zusammenarbeit mit dem RECC f. Informatik und Digitale Medien sowie mit dem Land O\u00d6 ein Aktionsjahr &#8220;Digitale Bildung in O\u00d6&#8221; ausgerufen.<\/p>\n\n\n\n<p>Zahlreiche Aktivit\u00e4ten und Aktionen von allen beteiligten Partnern (PH OOE, PH-Linz, FH-O\u00d6-Campus Hagenberg, JKU, Edugroup, LSR f\u00fcr O\u00d6, Land O\u00d6) forcierten in vielf\u00e4ltiger Weise die Digitale Bildung in allen O\u00d6 Schulen.<\/p>\n\n\n\n<p>Das Aktionsjahr &#8220;Digitale Bildung in Schulen in O\u00d6&#8221; verfolgte Ziele auf mehreren Ebenen und richtete sich an alle Schulen und Schultypen:<\/p>\n\n\n\n<p><strong>Ma\u00dfnahmen im Bereich Schul- und Unterrichtsorganisation:<\/strong><\/p>\n\n\n\n<ul class=\"wp-block-list\">\n<li>Einleitung bzw. F\u00f6rderung von Schulentwicklungsprozessen<\/li>\n\n\n\n<li>Entwicklung einer Digitalstrategie an Schulen. Unterst\u00fctzung von standortbezogenen, innovativen Projekten im Bereich Digitalisierung &amp; Schule<\/li>\n\n\n\n<li>Umfangreiche Fortbildungsangebote f\u00fcr P\u00e4dagoginnen und P\u00e4dagogen<\/li>\n\n\n\n<li>Materialsammlungen zum Medienkompetenzerwerb<\/li>\n\n\n\n<li>Wettbewerbe und Vernetzungsangebote<\/li>\n\n\n\n<li>Unterst\u00fctzung und Ausbau der Zertifizierung \u2013\u00a0<a href=\"https:\/\/eeducation.at\/\" target=\"_blank\" rel=\"noreferrer noopener\">eEducation.at<\/a><\/li>\n<\/ul>\n\n\n\n<p><strong>Ma\u00dfnahmen im Bereich Infrastruktur (Landesschulen):<\/strong><\/p>\n\n\n\n<ul class=\"wp-block-list\">\n<li>F\u00f6rderpaket Land O\u00d6 (Breitbandausbau \u2013 WLAN in der Schule \u2013 Ausstattung in der Schule)<\/li>\n<\/ul>\n\n\n\n<p><strong>Ma\u00dfnahmen im Bereich &#8220;Schule und Gesellschaft&#8221;:<\/strong><\/p>\n\n\n\n<ul class=\"wp-block-list\">\n<li>Darstellung von bereits Erreichtem \u2013 Best Practice<\/li>\n\n\n\n<li>Zusammenarbeit mit Medienpartnern<\/li>\n\n\n\n<li>Dokumentation und Dissemination<\/li>\n<\/ul>\n\n\n\n<p><\/p>\n\n\n\n<h2 class=\"wp-block-heading\">Veranstaltungsr\u00fcckblick<\/h2>\n\n\n\n<h4 class=\"wp-block-heading\"><br>Auftaktveranstaltung zum Jahr der Digitalen Bildung in O\u00d6 (FMB17WS722)<\/h4>\n\n\n\n<p><strong>Termin:<\/strong>\u00a029.09.2017, 09:00 Uhr<br><strong>Ort:<\/strong>\u00a0Private P\u00e4dagogische Hochschule der Di\u00f6zese Linz<br><strong>Inhalt:<\/strong>\u00a0Offizieller Start \u2013 Keynote \u2013 Workshop Angebote aller RECC Institutionen f\u00fcr die Schulen<br><strong>Zielgruppe:<\/strong>\u00a0Alle<br><a href=\"https:\/\/neu.recc-ooe.at\/?page_id=164\" target=\"_blank\" rel=\"noreferrer noopener\">Vortr\u00e4ge und Pr\u00e4sentationen<\/a><\/p>\n\n\n\n<hr class=\"wp-block-separator has-alpha-channel-opacity\"\/>\n\n\n\n<h4 class=\"wp-block-heading\">Abenteuer Informatik<\/h4>\n\n\n\n<p><strong>Termin:<\/strong>\u00a0Mitte November 2017<br><strong>Ort:<\/strong>\u00a0Welios Wels<br><strong>Inhalt:<\/strong>\u00a0Ausstellung<br><strong>Zielgruppe:<\/strong>\u00a0Primar, Sek 1, Sek 2<br><\/p>\n\n\n\n<hr class=\"wp-block-separator has-alpha-channel-opacity\"\/>\n\n\n\n<h4 class=\"wp-block-heading\">Digitale Medien im M-Unterricht<\/h4>\n\n\n\n<p><strong>Termin:<\/strong>\u00a017.11.2017<br><strong>Ort:<\/strong>\u00a0JKU<br><strong>Inhalt:<\/strong>\u00a0Vortrag und Workshops<br><strong>Zielgruppe:<\/strong>\u00a0Primar, Sek 1<\/p>\n\n\n\n<hr class=\"wp-block-separator has-alpha-channel-opacity\"\/>\n\n\n\n<h4 class=\"wp-block-heading\">ExpertInnenforum Hochschuldidaktik der FH O\u00d6<\/h4>\n\n\n\n<p><strong>Vortrag:\u00a0<\/strong>Wozu (digitale) Medien in der Lehre? Ein Kommentar zur digitalen Lehr-Praxis an Hochschulen.<strong><br>Termin:<\/strong>\u00a004.12.2017<br><strong>Ort:<\/strong>\u00a0FH O\u00d6 Fakult\u00e4t Linz<br><strong>Inhalt:<\/strong>\u00a0Vortrag<\/p>\n\n\n\n<hr class=\"wp-block-separator has-alpha-channel-opacity\"\/>\n\n\n\n<h4 class=\"wp-block-heading\">First Lego League<\/h4>\n\n\n\n<p><strong>Termin:<\/strong>\u00a015.01.2018<br><strong>Ort:<\/strong>\u00a0AEC Linz<br><strong>Inhalt:<\/strong>\u00a0Lego Roboter Wettbewerb O\u00d6<br><strong>Zielgruppe:<\/strong>\u00a0Sek 1<strong><br><\/strong><\/p>\n\n\n\n<hr class=\"wp-block-separator has-alpha-channel-opacity\"\/>\n\n\n\n<h4 class=\"wp-block-heading\">Vernetzungstreffen &#8220;Gewalt-Schule-Medien&#8221;<\/h4>\n\n\n\n<p><strong>Termin:<\/strong>\u00a019.01.2018<br><strong>Ort:<\/strong>\u00a0Linzer Schlossmuseum<br><strong>Inhalt:<\/strong>\u00a0Vortr\u00e4ge<br><strong>Zielgruppe:<\/strong>\u00a0Sek 1<strong><br><\/strong><a href=\"https:\/\/www.edugroup.at\/praxis\/portale\/gewalt-schule-medien\/die-initiative\/vernetzungstreffen-201718.html\" target=\"_blank\" rel=\"noreferrer noopener\">Veranstaltungsr\u00fcckblick<\/a><\/p>\n\n\n\n<hr class=\"wp-block-separator has-alpha-channel-opacity\"\/>\n\n\n\n<h4 class=\"wp-block-heading\">Truth or Fake-Wie Sch\u00fclerInnen Fake News im Netz und in Printmedien erkennen<\/h4>\n\n\n\n<p><strong>Termin:<\/strong>&nbsp;23.01.2018<br><strong>Ort:<\/strong>&nbsp;Ars Electronica Center Linz<br><strong>Inhalt:<\/strong>&nbsp;Vortr\u00e4ge und F\u00fchrung im AEC<strong><\/strong><\/p>\n\n\n\n<hr class=\"wp-block-separator has-alpha-channel-opacity\"\/>\n\n\n\n<h4 class=\"wp-block-heading\">Robo Cup Junior<\/h4>\n\n\n\n<p><strong>Termin:<\/strong>\u00a0April 2018<br><strong>Ort:<\/strong>\u00a0PH Linz<br><strong>Inhalt:<\/strong>\u00a0\u00d6sterreichweiter Wettbewerb<br><strong>Zielgruppe:<\/strong>\u00a0Sek 1, Sek 2<strong><br><\/strong><\/p>\n\n\n\n<hr class=\"wp-block-separator has-alpha-channel-opacity\"\/>\n\n\n\n<h4 class=\"wp-block-heading\">6. Tag der Lehre der FH O\u00d6<\/h4>\n\n\n\n<p><strong>Thema:&nbsp;<\/strong>Digitale Lehre \u2013 Fluch oder Segen? Chancen, Fallstricke und M\u00f6glichkeiten des Einsatzes digitaler Medien in der Hochschullehre.<strong><br>Termin:<\/strong>&nbsp;08.05.2018<br><strong>Ort:<\/strong>&nbsp;FH O\u00d6 Fakult\u00e4t Linz<br><strong>Inhalt:<\/strong>&nbsp;Keynote von Dr. Barbara Getto und Diskussion<strong><\/strong><\/p>\n\n\n\n<hr class=\"wp-block-separator has-alpha-channel-opacity\"\/>\n\n\n\n<h4 class=\"wp-block-heading\">Empowering Learners for Life in the Digital Age<\/h4>\n\n\n\n<p><strong>Termin:<\/strong> Conference: 25th \u2013 28th June 2018 \/ Doctorial Consortium: 24th June 2018<br><strong>Ort:<\/strong>\u00a0OK, Linz<br><strong>Inhalt:<\/strong>\u00a0OCCE.2018 war die j\u00e4hrliche Bildungstagung des TC3 (Technical Committee on Education) der IFIP &#8211; International Federation for Information Processing, ein Event mit weltweiter Beachtung.<br>Zielgruppen waren alle an ICT und digitalen Medien interessierte Akteure, also Forscherinnen und Forscher, Lehrerinnen und Lehrer, Schulaufsicht und Bildungspolitik sowie einschl\u00e4gige Industrie.<br>Die Themen der Tagung umfassten alle Aspekte der Einf\u00fchrung und Nutzung von ICT, der Digitalisierung von Bildung und der Mechanismen mit denen Bildung die Wirkung von Technik in der Gesellschaft beeinflussen kann.<br><strong>Informationen<\/strong>:\u00a0<a href=\"http:\/\/occe.2018.ocg.at\/\" target=\"_blank\" rel=\"noreferrer noopener\">http:\/\/occe.2018.ocg.at<\/a><\/p>\n\n\n\n<hr class=\"wp-block-separator has-alpha-channel-opacity\"\/>\n\n\n\n<h4 class=\"wp-block-heading\">Abschlussveranstaltung<\/h4>\n\n\n\n<p><strong>Termin:<\/strong>\u00a029.06.2018<br><strong>Uhrzeit:\u00a0<\/strong>09:00 Uhr<br><strong>Ort:<\/strong>\u00a0P\u00e4dagogische Hochschule Ober\u00f6sterreich<br><strong>Zielgruppe:<\/strong>\u00a0alle<br><a href=\"https:\/\/neu.recc-ooe.at\/?page_id=214\" target=\"_blank\" rel=\"noreferrer noopener\">Veranstaltungsr\u00fcckblick<\/a><\/p>\n","protected":false},"excerpt":{"rendered":"<p>F\u00fcr das Schuljahr 2017\/18 hatte der LSR O\u00d6 &#8211; jetzt Bildungsdirektion O\u00d6 &#8211; in Zusammenarbeit mit dem RECC f. Informatik und Digitale Medien sowie mit dem Land O\u00d6 ein Aktionsjahr &#8220;Digitale Bildung in O\u00d6&#8221; ausgerufen. Zahlreiche Aktivit\u00e4ten und Aktionen von allen beteiligten Partnern (PH OOE, PH-Linz, FH-O\u00d6-Campus Hagenberg, JKU, Edugroup, LSR f\u00fcr O\u00d6, Land O\u00d6) &hellip; <\/p>\n<p class=\"link-more\"><a href=\"https:\/\/neu.recc-ooe.at\/?page_id=159\" class=\"more-link\">Continue reading<span class=\"screen-reader-text\"> &#8220;Jahr der digitalen Bildung 2017\/2018&#8221;<\/span><\/a><\/p>\n","protected":false},"author":5,"featured_media":0,"parent":0,"menu_order":0,"comment_status":"closed","ping_status":"closed","template":"","meta":{"footnotes":""},"class_list":["post-159","page","type-page","status-publish","hentry","entry"],"_links":{"self":[{"href":"https:\/\/neu.recc-ooe.at\/index.php?rest_route=\/wp\/v2\/pages\/159","targetHints":{"allow":["GET"]}}],"collection":[{"href":"https:\/\/neu.recc-ooe.at\/index.php?rest_route=\/wp\/v2\/pages"}],"about":[{"href":"https:\/\/neu.recc-ooe.at\/index.php?rest_route=\/wp\/v2\/types\/page"}],"author":[{"embeddable":true,"href":"https:\/\/neu.recc-ooe.at\/index.php?rest_route=\/wp\/v2\/users\/5"}],"replies":[{"embeddable":true,"href":"https:\/\/neu.recc-ooe.at\/index.php?rest_route=%2Fwp%2Fv2%2Fcomments&post=159"}],"version-history":[{"count":4,"href":"https:\/\/neu.recc-ooe.at\/index.php?rest_route=\/wp\/v2\/pages\/159\/revisions"}],"predecessor-version":[{"id":217,"href":"https:\/\/neu.recc-ooe.at\/index.php?rest_route=\/wp\/v2\/pages\/159\/revisions\/217"}],"wp:attachment":[{"href":"https:\/\/neu.recc-ooe.at\/index.php?rest_route=%2Fwp%2Fv2%2Fmedia&parent=159"}],"curies":[{"name":"wp","href":"https:\/\/api.w.org\/{rel}","templated":true}]}}