{"id":141,"date":"2024-12-09T16:03:40","date_gmt":"2024-12-09T15:03:40","guid":{"rendered":"https:\/\/neu.recc-ooe.at\/?page_id=141"},"modified":"2024-12-09T16:03:40","modified_gmt":"2024-12-09T15:03:40","slug":"verleihung-des-labels-2015-im-bildungsministerium","status":"publish","type":"page","link":"https:\/\/neu.recc-ooe.at\/?page_id=141","title":{"rendered":"Verleihung des Labels 2015 im Bildungsministerium"},"content":{"rendered":"\n<p><strong>Am 13. Mai 2015 wurde einer oo. Bildungsinitiative das Qualit\u00e4tslabel \u201eRegional Educational Competence Center\u201c (Regionales Fachdidaktikzentrum) f\u00fcr Informatik und digitale Medien durch das BMBF verliehen.<\/strong><\/p>\n\n\n\n<p>Am 13. Mai 2015 verlieh Bundesministerin Gabriele Heinisch-Hosek das Qualit\u00e4tslabel &#8220;Regional Educational Competence Centre&#8221; (RECC) an sieben regionale Kompetenzzentren in \u00d6sterreich, die sich in Form von Kooperationen f\u00fcr das G\u00fctesiegel beworben haben.<\/p>\n\n\n\n<p>Eine Fachjury w\u00e4hlte nach Begutachtung durch internationale BildungsexpertInnen unter anderem das <strong>RECC-Label f\u00fcr Informatik und digitale Medien<\/strong>\u00a0mit den Institutionen Private P\u00e4dagogische Hochschule der Di\u00f6zese Linz, Johannes Kepler Universit\u00e4t Linz, P\u00e4dagogische Hochschule Ober\u00f6sterreich, FH Ober\u00f6sterreich, Education Group GmbH und Landesschulrat f\u00fcr Ober\u00f6sterreich als Tr\u00e4ger des RECC-Qualit\u00e4tslabels 2015 aus.<\/p>\n\n\n\n<p class=\"has-small-font-size\"> <img loading=\"lazy\" decoding=\"async\" width=\"900\" height=\"512\" class=\"wp-image-144\" style=\"width: 900px;\" src=\"http:\/\/neu.recc-ooe.at\/wp-content\/uploads\/2024\/12\/bmbwfmedia_5536.jpg\" alt=\"Bildungsministerin Heinisch-Hosek verleiht Qualit\u00e4tslabel \u201eRegional Educational Competence Center\u201c\" srcset=\"https:\/\/neu.recc-ooe.at\/wp-content\/uploads\/2024\/12\/bmbwfmedia_5536.jpg 2102w, https:\/\/neu.recc-ooe.at\/wp-content\/uploads\/2024\/12\/bmbwfmedia_5536-300x171.jpg 300w, https:\/\/neu.recc-ooe.at\/wp-content\/uploads\/2024\/12\/bmbwfmedia_5536-1024x582.jpg 1024w, https:\/\/neu.recc-ooe.at\/wp-content\/uploads\/2024\/12\/bmbwfmedia_5536-768x437.jpg 768w, https:\/\/neu.recc-ooe.at\/wp-content\/uploads\/2024\/12\/bmbwfmedia_5536-1536x873.jpg 1536w, https:\/\/neu.recc-ooe.at\/wp-content\/uploads\/2024\/12\/bmbwfmedia_5536-2048x1164.jpg 2048w, https:\/\/neu.recc-ooe.at\/wp-content\/uploads\/2024\/12\/bmbwfmedia_5536-1568x891.jpg 1568w\" sizes=\"auto, (max-width: 900px) 100vw, 900px\" \/><br>\u00a9 BKA \u2013 Bundespressedienst \/ Hans Hofer<\/p>\n\n\n\n<p>Das Qualit\u00e4tslabel \u201eRegional Educational Competence Centre\u201c RECC wurde vom BMBF im Jahr 2013 mit dem Ziel initiiert, regionale Kompetenzzentren zu st\u00e4rken und zu f\u00f6rdern. \u201eDie F\u00f6rderung der fachdidaktischen Forschung, Aus- und Weiterbildung sowie die Vernetzung mit bestehenden regionalen Netzwerken ist zukunftsweisend und mit bisher 20 \u00f6sterreichweit ausgezeichneten regionalen fachdidaktischen Kompetenzzentren haben wir entscheidende Schritte f\u00fcr die Fachdidaktik in \u00d6sterreich gesetzt\u201c, so Professor Franz Rauch, Vorstand des Institutes f\u00fcr Unterrichts und Schulentwicklung an der Alpen-Adria-Universit\u00e4t Klagenfurt.<\/p>\n\n\n\n<p>Das RECC f\u00fcr Informatik und digitale Medien hat sich vorgenommen, vor allem an vier fachdidaktischen und medienp\u00e4dagogischen Feldern zu arbeiten: an der Entwicklung und Auswertung von Unterrichtssoftware und deren Einsatz in Unterricht und Lehre, der Verf\u00fcgbarkeit und Nutzung von (digitalen) Medien bei Kindern und Jugendlichen, der Erforschung von Medienwirkung (Schwerpunkt \u201eErforschung medialer Sozialr\u00e4ume\u201c) und der Entwicklung \u201edigitaler Kompetenzen\u201c bei Sch\u00fcler\/innen, Lehrer\/innen, Studierenden und Lehrerbildner\/innen. Gezielte Ma\u00dfnahmen im Bereich der Aus-, Fort- und Weiterbildung von Lehrerinnen und Lehrern sollen durch den Austausch und die Vernetzung gesetzt werden, fachdidaktische und medienp\u00e4dagogische Erkenntnisse, F\u00e4higkeiten und Kompetenzen in Informatik durch verschiedene Aktivit\u00e4ten gef\u00f6rdert. <\/p>\n\n\n\n<p><\/p>\n","protected":false},"excerpt":{"rendered":"<p>Am 13. Mai 2015 wurde einer oo. Bildungsinitiative das Qualit\u00e4tslabel \u201eRegional Educational Competence Center\u201c (Regionales Fachdidaktikzentrum) f\u00fcr Informatik und digitale Medien durch das BMBF verliehen. Am 13. Mai 2015 verlieh Bundesministerin Gabriele Heinisch-Hosek das Qualit\u00e4tslabel &#8220;Regional Educational Competence Centre&#8221; (RECC) an sieben regionale Kompetenzzentren in \u00d6sterreich, die sich in Form von Kooperationen f\u00fcr das G\u00fctesiegel &hellip; <\/p>\n<p class=\"link-more\"><a href=\"https:\/\/neu.recc-ooe.at\/?page_id=141\" class=\"more-link\">Continue reading<span class=\"screen-reader-text\"> &#8220;Verleihung des Labels 2015 im Bildungsministerium&#8221;<\/span><\/a><\/p>\n","protected":false},"author":5,"featured_media":0,"parent":0,"menu_order":0,"comment_status":"closed","ping_status":"closed","template":"","meta":{"footnotes":""},"class_list":["post-141","page","type-page","status-publish","hentry","entry"],"_links":{"self":[{"href":"https:\/\/neu.recc-ooe.at\/index.php?rest_route=\/wp\/v2\/pages\/141","targetHints":{"allow":["GET"]}}],"collection":[{"href":"https:\/\/neu.recc-ooe.at\/index.php?rest_route=\/wp\/v2\/pages"}],"about":[{"href":"https:\/\/neu.recc-ooe.at\/index.php?rest_route=\/wp\/v2\/types\/page"}],"author":[{"embeddable":true,"href":"https:\/\/neu.recc-ooe.at\/index.php?rest_route=\/wp\/v2\/users\/5"}],"replies":[{"embeddable":true,"href":"https:\/\/neu.recc-ooe.at\/index.php?rest_route=%2Fwp%2Fv2%2Fcomments&post=141"}],"version-history":[{"count":6,"href":"https:\/\/neu.recc-ooe.at\/index.php?rest_route=\/wp\/v2\/pages\/141\/revisions"}],"predecessor-version":[{"id":148,"href":"https:\/\/neu.recc-ooe.at\/index.php?rest_route=\/wp\/v2\/pages\/141\/revisions\/148"}],"wp:attachment":[{"href":"https:\/\/neu.recc-ooe.at\/index.php?rest_route=%2Fwp%2Fv2%2Fmedia&parent=141"}],"curies":[{"name":"wp","href":"https:\/\/api.w.org\/{rel}","templated":true}]}}